emainder when 152 is divided by 14?
12
What is the remainder when 95 is divided by 27?
14
Calculate the remainder when 1807 is divided by 228.
211
What is the remainder when 350 is divided by 211?
139
What is the remainder when 1139 is divided by 1137?
2
Calculate the remainder when 44 is divided by 25.
19
What is the remainder when 3307 is divided by 138?
133
Calculate the remainder when 1369 is divided by 98.
95
Calculate the remainder when 1978 is divided by 493.
6
Calculate the remainder when 36429 is divided by 176.
173
What is the remainder when 385 is divided by 129?
127
Calculate the remainder when 259 is divided by 10.
9
What is the remainder when 50 is divided by 35?
15
What is the remainder when 301 is divided by 125?
51
What is the remainder when 114 is divided by 39?
36
What is the remainder when 478 is divided by 390?
88
Calculate the remainder when 529 is divided by 17.
2
Calculate the remainder when 776 is divided by 26.
22
Calculate the remainder when 156 is divided by 27.
21
Calculate the remainder when 549 is divided by 62.
53
Calculate the remainder when 231 is divided by 30.
21
Calculate the remainder when 253 is divided by 37.
31
Calculate the remainder when 282 is divided by 278.
4
Calculate the remainder when 520 is divided by 173.
1
What is the remainder when 571 is divided by 13?
12
Calculate the remainder when 404 is divided by 45.
44
What is the remainder when 513 is divided by 89?
68
What is the remainder when 35219 is divided by 59?
55
What is the remainder when 183 is divided by 37?
35
Calculate the remainder when 5104 is divided by 2.
0
Calculate the remainder when 3567 is divided by 70.
67
What is the remainder when 654 is divided by 319?
16
Calculate the remainder when 777 is divided by 12.
9
Calculate the remainder when 1522 is divided by 188.
18
Calculate the remainder when 1170 is divided by 231.
15
Calculate the remainder when 169 is divided by 65.
39
Calculate the remainder when 597 is divided by 6.
3
What is the remainder when 64 is divided by 11?
9
What is the remainder when 56 is divided by 20?
16
Calculate the remainder when 399 is divided by 3.
0
Calculate the remainder when 40 is divided by 7.
5
Calculate the remainder when 318 is divided by 53.
0
What is the remainder when 1312 is divided by 92?
24
What is the remainder when 419 is divided by 53?
48
Calculate the remainder when 333 is divided by 57.
48
What is the remainder when 88 is divided by 33?
22
What is the remainder when 159 is divided by 55?
49
Calculate the remainder when 28 is divided by 7.
0
Calculate the remainder when 198 is divided by 20.
18
Calculate the remainder when 2608 is divided by 18.
16
What is the remainder when 202 is divided by 8?
2
Calculate the remainder when 279 is divided by 70.
69
Calculate the remainder when 204 is divided by 84.
36
Calculate the remainder when 1452 is divided by 91.
87
What is the remainder when 30 is divided by 28?
2
What is the remainder when 184 is divided by 52?
28
What is the remainder when 320 is divided by 103?
11
Calculate the remainder when 360 is divided by 124.
112
What is the remainder when 29 is divided by 9?
2
What is the remainder when 513 is divided by 130?
123
What is the remainder when 393 is divided by 13?
3
What is the remainder when 6249 is divided by 19?
17
Calculate the remainder when 19129 is divided by 5.
4
What is the remainder when 154 is divided by 43?
25
What is the remainder when 630 is divided by 314?
2
Calculate the remainder when 3024 is divided by 253.
241
What is the remainder when 448 is divided by 39?
19
Calculate the remainder when 129 is divided by 12.
9
What is the remainder when 209 is divided by 9?
2
What is the remainder when 195 is divided by 83?
29
Calculate the remainder when 77 is divided by 21.
14
Calculate the remainder when 3577 is divided by 275.
2
What is the remainder when 672 is divided by 333?
6
Calculate the remainder when 475 is divided by 12.
7
Calculate the remainder when 1847 is divided by 21.
20
What is the remainder when 222 is divided by 45?
42
What is the remainder when 483 is divided by 24?
3
What is the remainder when 1847 is divided by 74?
71
Calculate the remainder when 461 is divided by 117.
110
Calculate the remainder when 100 is divided by 13.
9
What is the remainder when 482 is divided by 21?
20
Calculate the remainder when 101 is divided by 26.
23
What is the remainder when 123 is divided by 40?
3
What is the remainder when 213 is divided by 27?
24
What is the remainder when 416 is divided by 21?
17
Calculate the remainder when 105 is divided by 8.
1
Calculate the remainder when 74 is divided by 48.
26
Calculate the remainder when 7407 is divided by 30.
27
Calculate the remainder when 140 is divided by 49.
42
Calculate the remainder when 627 is divided by 15.
12
Calculate the remainder when 1177 is divided by 557.
63
Calculate the remainder when 1595 is divided by 57.
56
Calculate the remainder when 137 is divided by 101.
36
Calculate the remainder when 5342 is divided by 137.
136
Calculate the remainder when 1548 is divided by 50.
48
Calculate the remainder when 71 is divided by 39.
32
What is the remainder when 5855 is divided by 6?
5
What is the remainder when 34 is divided by 33?
1
Calculate the remainder when 131 is divided by 130.
1
Calculate the remainder when 115 is divided by 17.
13
Calculate the remainder when 67 is divided by 27.
13
What is the remainder when 418 is divided by 401?
17
What is the remainder when 2223 is divided by 278?
277
What is the remainder when 2291 is divided by 105?
86
What is the remainder when 2432 is divided by 28?
24
Calculate the remainder when 152 is divided by 30.
2
Calculate the remainder when 12099 is divided by 50.
49
What is the remainder when 9960 is divided by 17?
15
What is the remainder when 147 is divided by 46?
9
Calculate the remainder when 246 is divided by 238.
8
Calculate the remainder when 29 is divided by 19.
10
What is the remainder when 6130 is divided by 68?
10
What is the remainder when 2851 is divided by 23?
22
What is the remainder when 1140 is divided by 88?
84
What is the remainder when 2830 is divided by 19?
18
What is the remainder when 1419 is divided by 35?
19
What is the remainder when 194 is divided by 40?
34
What is the remainder when 448 is divided by 109?
12
What is the remainder when 100782 is divided by 97?
96
Calculate the remainder when 1427 is divided by 4.
3
What is the remainder when 1611 is divided by 401?
7
What is the remainder when 428 is divided by 40?
28
What is the remainder when 146 is divided by 33?
14
Calculate the remainder when 773 is divided by 8.
5
What is the remainder when 571 is divided by 251?
69
Calculate the remainder when 303 is divided by 209.
94
What is the remainder when 1209 is divided by 321?
246
Calculate the remainder when 253 is divided by 9.
1
What is the remainder when 674 is divided by 74?
8
Calculate the remainder when 6000 is divided by 34.
16
What is the remainder when 11338 is divided by 23?
22
What is the remainder when 2209 is divided by 26?
25
What is the remainder when 1356 is divided by 151?
148
What is the remainder when 31037 is divided by 80?
77
Calculate the remainder when 401 is divided by 62.
29
What is the remainder when 564 is divided by 67?
28
Calculate the remainder when 60 is divided by 50.
10
Calculate the remainder when 8048 is divided by 161.
159
Calculate the remainder when 1612 is divided by 135.
127
Calculate the remainder when 133 is divided by 70.
63
What is the remainder when 1424 is divided by 36?
20
What is the remainder when 1175 is divided by 236?
231
Calculate the remainder when 97 is divided by 25.
22
What is the remainder when 16098 is divided by 161?
159
What is the remainder when 4184 is divided by 127?
120
Calculate the remainder when 1223 is divided by 110.
13
Calculate the remainder when 4014 is divided by 65.
49
Calculate the remainder when 93 is divided by 31.
0
Calculate the remainder when 193 is divided by 65.
63
Calculate the remainder when 113 is divided by 44.
25
What is the remainder when 5440 is divided by 1804?
28
What is the remainder when 105 is divided by 74?
31
What is the remainder when 131 is divided by 12?
11
Calculate the remainder when 63 is divided by